{"id":8975,"date":"2022-06-24T19:10:44","date_gmt":"2022-06-24T17:10:44","guid":{"rendered":"https:\/\/efitira.agencebisart.com\/ecole\/ecole-francaise-internationale-skopje\/"},"modified":"2022-11-13T08:19:22","modified_gmt":"2022-11-13T07:19:22","slug":"ecole-francaise-internationale-skopje","status":"publish","type":"ecole","link":"https:\/\/efitirana.com\/en\/ecole\/ecole-francaise-internationale-skopje\/","title":{"rendered":"\u00c9cole fran\u00e7aise internationale, Skopje"},"content":{"rendered":"<p><!-- Bloc small header --><\/p>\n<p>\t\t\t\t<!-- avec ou sans CTA : m\u00eame code, \u00e7a centre verticalement le texte --><\/p>\n<div class=\"smallheader\" id=\"bloc_small_header2\">\n<p>\t\t\t\t\t\t\t#bloc_small_header2 {background-image: url(https:\/\/efitirana.com\/wp-content\/uploads\/2021\/12\/SKOPJE@2x-1-610&#215;270.png);}<br \/>\n\t\t\t\t\t\t\t@media (min-width: 480px) {\t#bloc_small_header2 {background-image: url(https:\/\/efitirana.com\/wp-content\/uploads\/2021\/12\/SKOPJE@2x-1-610&#215;270.png);}}<br \/>\n\t\t\t\t\t\t\t@media (min-width: 768px) {\t#bloc_small_header2 {background-image: url(https:\/\/efitirana.com\/wp-content\/uploads\/2021\/12\/SKOPJE@2x-1-1024&#215;214.png);}}<br \/>\n\t\t\t\t\t\t\t@media (min-width: 992px) { #bloc_small_header2 {background-image: url(https:\/\/efitirana.com\/wp-content\/uploads\/2021\/12\/SKOPJE@2x-1-1024&#215;214.png);}}<br \/>\n\t\t\t\t\t\t\t@media (min-width: 1200px) { #bloc_small_header2 {background-image: url(https:\/\/efitirana.com\/wp-content\/uploads\/2021\/12\/SKOPJE@2x-1-1536&#215;322.png);}}<\/p>\n<div class=\"container d-flex flex-column justify-content-center align-items-start\">\n<h2><span>\u00c9cole Fran\u00e7aise internationale de Skopje<\/span><\/h2>\n<\/p><\/div>\n<\/p><\/div>\n<p><!-- Bloc 6 - Texte --><\/p>\n<div class=\"bloctext bloctext--color4 bloctext--haspattern\" id=\"bloc_6_3\">\n<div class=\"container\">\n<div class=\"row\">\n<div class=\"col-12 col-lg-4 col-xl-3 mb-1\">\n<h2><span>The EFIS Adventure<\/span><\/h2>\n<\/p><\/div>\n<div class=\"col-12 col-lg-8 col-xl-9\">\n<div class=\"text pl-lg-4\">\n<p class=\"p1\">For over 20 years, the \u00c9cole Fran\u00e7aise Internationale de Skopje has been constantly developing, with the same guiding objective: French excellence for all of its pupils.<\/p>\n<p class=\"p1\">Classes are approved up to the 5th year of primary school \u2013 Cycle 3 (CM2), and will soon be approved for the secondary school. Small class sizes allow our teachers to best respond to the difficulties of pupils, and to differentiate their learning so that it brings out the best possible results, adapted to their own abilities.<\/p>\n<p class=\"p1\">As a partner of the AEFE (Agency for French Education Abroad), we provide education in line with the French national curriculum. Our teaching is also recognized by the local government, which rates our teaching as excellent.<\/p>\n<p class=\"p1\">With teaching in French, English and the local language, our pupils are ready to become citizens of tomorrow\u2019s world.<\/p>\n<\/p><\/div>\n<\/p><\/div>\n<\/p><\/div>\n<\/p><\/div>\n<\/div>\n<p><!-- Bloc 14 - Vignettes --><\/p>\n<div class=\"blocsphotos blocsphotos--nocolor\" id=\"bloc_14_4\">\n<div class=\"container\">\n<div class=\"row\">\n<div class=\"col-6 col-md-3 mb-1 mb-md-0\">\n<div class=\"blocphoto\">\n\t\t\t\t\t<img decoding=\"async\" class=\"img-fluid img-rounded\" src=\"https:\/\/efitirana.com\/wp-content\/uploads\/2021\/12\/IMG_4345-270x310.jpg\" width=\"\" height=\"\" alt=\"\">\n\t\t\t\t<\/div>\n<\/p><\/div>\n<div class=\"col-6 col-md-3 mb-1 mb-md-0\">\n<div class=\"blocphoto\">\n\t\t\t\t\t<img decoding=\"async\" class=\"img-fluid img-rounded\" src=\"https:\/\/efitirana.com\/wp-content\/uploads\/2021\/12\/Capture-de\u0301cran-2021-12-22-a\u0300-16.26.09-270x310.png\" width=\"\" height=\"\" alt=\"\">\n\t\t\t\t<\/div>\n<\/p><\/div>\n<div class=\"col-6 col-md-3 mb-1 mb-md-0\">\n<div class=\"blocphoto\">\n\t\t\t\t\t<img decoding=\"async\" class=\"img-fluid img-rounded\" src=\"https:\/\/efitirana.com\/wp-content\/uploads\/2021\/12\/Capture-de\u0301cran-2021-12-22-a\u0300-16.25.23-270x310.png\" width=\"\" height=\"\" alt=\"\">\n\t\t\t\t<\/div>\n<\/p><\/div>\n<div class=\"col-6 col-md-3 mb-1 mb-md-0\">\n<div class=\"blocphoto\">\n\t\t\t\t\t<img decoding=\"async\" class=\"img-fluid img-rounded\" src=\"https:\/\/efitirana.com\/wp-content\/uploads\/2021\/12\/Capture-de\u0301cran-2021-12-22-a\u0300-16.27.27-270x310.png\" width=\"\" height=\"\" alt=\"\">\n\t\t\t\t<\/div>\n<\/p><\/div>\n<\/p><\/div>\n<\/p><\/div>\n<\/div>\n<p><!-- Bloc CTAs --><\/p>\n<div class=\"bloc_ctas bloc_cta container pt-2 pb-2 text-center\" id=\"bloc_ctas_5\">\n<div class=\"btns\">\t<a href=\"https:\/\/efis.mk\/\" title=\"Discover the EFIS\" target=\"_blank\" class=\" ml-1   mr-1  btn btn--color2\" rel=\"noopener\">Discover the EFIS<\/a> <\/div>\n<\/p><\/div>\n<p><!-- Bloc 10 - Bandeau --><\/p>\n<div class=\"blocinfo blocinfo--color4\" id=\"bloc_10_6\">\n<div class=\"container\">\n<div class=\"row\">\n<div class=\"col-12 col-md-6\">\n<h2><span>Do you need any further information?<\/span><\/h2>\n<p>We\u2019re always available to help you find the best school for your child.<\/p>\n<p>\t\t\t\t<!-- Changer la classe de couleur du bouton en fonction de la couleur g\u00e9n\u00e9rale du bloc --><\/p>\n<div class=\"bloc_cta\">\n\t\t\t\t<\/div>\n<\/p><\/div>\n<\/p><\/div>\n<\/p><\/div>\n<\/div>\n","protected":false},"featured_media":0,"template":"","localisation":[222],"niveau":[32],"class_list":["post-8975","ecole","type-ecole","status-publish","hentry","localisation-north-macedonia","niveau-le-college"],"acf":[],"yoast_head":"<!-- This site is optimized with the Yoast SEO plugin v26.6 - https:\/\/yoast.com\/wordpress\/plugins\/seo\/ -->\n<title>\u00c9cole fran\u00e7aise internationale, Skopje<\/title>\n<meta name=\"description\" content=\"\u00c9cole fran\u00e7aise internationale, Skopje\" \/>\n<meta name=\"robots\" content=\"index, follow, max-snippet:-1, max-image-preview:large, max-video-preview:-1\" \/>\n<link rel=\"canonical\" href=\"https:\/\/efitirana.com\/en\/ecole\/ecole-francaise-internationale-skopje\/\" \/>\n<meta property=\"og:locale\" content=\"en_US\" \/>\n<meta property=\"og:type\" content=\"article\" \/>\n<meta property=\"og:title\" content=\"\u00c9cole fran\u00e7aise internationale, Skopje\" \/>\n<meta property=\"og:description\" content=\"\u00c9cole fran\u00e7aise internationale, Skopje\" \/>\n<meta property=\"og:url\" content=\"https:\/\/efitirana.com\/en\/ecole\/ecole-francaise-internationale-skopje\/\" \/>\n<meta property=\"og:site_name\" content=\"EFI Tirana\" \/>\n<meta property=\"article:modified_time\" content=\"2022-11-13T07:19:22+00:00\" \/>\n<meta property=\"og:image\" content=\"https:\/\/efitirana.com\/wp-content\/uploads\/2021\/12\/IMG_4345-270x310.jpg\" \/>\n<meta name=\"twitter:card\" content=\"summary_large_image\" \/>\n<meta name=\"twitter:label1\" content=\"Est. reading time\" \/>\n\t<meta name=\"twitter:data1\" content=\"1 minute\" \/>\n<script type=\"application\/ld+json\" class=\"yoast-schema-graph\">{\"@context\":\"https:\/\/schema.org\",\"@graph\":[{\"@type\":\"WebPage\",\"@id\":\"https:\/\/efitirana.com\/en\/ecole\/ecole-francaise-internationale-skopje\/\",\"url\":\"https:\/\/efitirana.com\/en\/ecole\/ecole-francaise-internationale-skopje\/\",\"name\":\"\u00c9cole fran\u00e7aise internationale, Skopje\",\"isPartOf\":{\"@id\":\"https:\/\/efitirana.com\/en\/#website\"},\"primaryImageOfPage\":{\"@id\":\"https:\/\/efitirana.com\/en\/ecole\/ecole-francaise-internationale-skopje\/#primaryimage\"},\"image\":{\"@id\":\"https:\/\/efitirana.com\/en\/ecole\/ecole-francaise-internationale-skopje\/#primaryimage\"},\"thumbnailUrl\":\"https:\/\/efitirana.com\/wp-content\/uploads\/2021\/12\/IMG_4345-270x310.jpg\",\"datePublished\":\"2022-06-24T17:10:44+00:00\",\"dateModified\":\"2022-11-13T07:19:22+00:00\",\"description\":\"\u00c9cole fran\u00e7aise internationale, Skopje\",\"breadcrumb\":{\"@id\":\"https:\/\/efitirana.com\/en\/ecole\/ecole-francaise-internationale-skopje\/#breadcrumb\"},\"inLanguage\":\"en-US\",\"potentialAction\":[{\"@type\":\"ReadAction\",\"target\":[\"https:\/\/efitirana.com\/en\/ecole\/ecole-francaise-internationale-skopje\/\"]}]},{\"@type\":\"ImageObject\",\"inLanguage\":\"en-US\",\"@id\":\"https:\/\/efitirana.com\/en\/ecole\/ecole-francaise-internationale-skopje\/#primaryimage\",\"url\":\"https:\/\/efitirana.com\/wp-content\/uploads\/2021\/12\/IMG_4345-270x310.jpg\",\"contentUrl\":\"https:\/\/efitirana.com\/wp-content\/uploads\/2021\/12\/IMG_4345-270x310.jpg\"},{\"@type\":\"BreadcrumbList\",\"@id\":\"https:\/\/efitirana.com\/en\/ecole\/ecole-francaise-internationale-skopje\/#breadcrumb\",\"itemListElement\":[{\"@type\":\"ListItem\",\"position\":1,\"name\":\"Accueil\",\"item\":\"https:\/\/efitirana.com\/en\/\"},{\"@type\":\"ListItem\",\"position\":2,\"name\":\"\u00c9cole fran\u00e7aise internationale, Skopje\"}]},{\"@type\":\"WebSite\",\"@id\":\"https:\/\/efitirana.com\/en\/#website\",\"url\":\"https:\/\/efitirana.com\/en\/\",\"name\":\"EFI Tirana\",\"description\":\"EFI Tirana\",\"potentialAction\":[{\"@type\":\"SearchAction\",\"target\":{\"@type\":\"EntryPoint\",\"urlTemplate\":\"https:\/\/efitirana.com\/en\/?s={search_term_string}\"},\"query-input\":{\"@type\":\"PropertyValueSpecification\",\"valueRequired\":true,\"valueName\":\"search_term_string\"}}],\"inLanguage\":\"en-US\"}]}<\/script>\n<!-- \/ Yoast SEO plugin. -->","yoast_head_json":{"title":"\u00c9cole fran\u00e7aise internationale, Skopje","description":"\u00c9cole fran\u00e7aise internationale, Skopje","robots":{"index":"index","follow":"follow","max-snippet":"max-snippet:-1","max-image-preview":"max-image-preview:large","max-video-preview":"max-video-preview:-1"},"canonical":"https:\/\/efitirana.com\/en\/ecole\/ecole-francaise-internationale-skopje\/","og_locale":"en_US","og_type":"article","og_title":"\u00c9cole fran\u00e7aise internationale, Skopje","og_description":"\u00c9cole fran\u00e7aise internationale, Skopje","og_url":"https:\/\/efitirana.com\/en\/ecole\/ecole-francaise-internationale-skopje\/","og_site_name":"EFI Tirana","article_modified_time":"2022-11-13T07:19:22+00:00","og_image":[{"url":"https:\/\/efitirana.com\/wp-content\/uploads\/2021\/12\/IMG_4345-270x310.jpg","type":"","width":"","height":""}],"twitter_card":"summary_large_image","twitter_misc":{"Est. reading time":"1 minute"},"schema":{"@context":"https:\/\/schema.org","@graph":[{"@type":"WebPage","@id":"https:\/\/efitirana.com\/en\/ecole\/ecole-francaise-internationale-skopje\/","url":"https:\/\/efitirana.com\/en\/ecole\/ecole-francaise-internationale-skopje\/","name":"\u00c9cole fran\u00e7aise internationale, Skopje","isPartOf":{"@id":"https:\/\/efitirana.com\/en\/#website"},"primaryImageOfPage":{"@id":"https:\/\/efitirana.com\/en\/ecole\/ecole-francaise-internationale-skopje\/#primaryimage"},"image":{"@id":"https:\/\/efitirana.com\/en\/ecole\/ecole-francaise-internationale-skopje\/#primaryimage"},"thumbnailUrl":"https:\/\/efitirana.com\/wp-content\/uploads\/2021\/12\/IMG_4345-270x310.jpg","datePublished":"2022-06-24T17:10:44+00:00","dateModified":"2022-11-13T07:19:22+00:00","description":"\u00c9cole fran\u00e7aise internationale, Skopje","breadcrumb":{"@id":"https:\/\/efitirana.com\/en\/ecole\/ecole-francaise-internationale-skopje\/#breadcrumb"},"inLanguage":"en-US","potentialAction":[{"@type":"ReadAction","target":["https:\/\/efitirana.com\/en\/ecole\/ecole-francaise-internationale-skopje\/"]}]},{"@type":"ImageObject","inLanguage":"en-US","@id":"https:\/\/efitirana.com\/en\/ecole\/ecole-francaise-internationale-skopje\/#primaryimage","url":"https:\/\/efitirana.com\/wp-content\/uploads\/2021\/12\/IMG_4345-270x310.jpg","contentUrl":"https:\/\/efitirana.com\/wp-content\/uploads\/2021\/12\/IMG_4345-270x310.jpg"},{"@type":"BreadcrumbList","@id":"https:\/\/efitirana.com\/en\/ecole\/ecole-francaise-internationale-skopje\/#breadcrumb","itemListElement":[{"@type":"ListItem","position":1,"name":"Accueil","item":"https:\/\/efitirana.com\/en\/"},{"@type":"ListItem","position":2,"name":"\u00c9cole fran\u00e7aise internationale, Skopje"}]},{"@type":"WebSite","@id":"https:\/\/efitirana.com\/en\/#website","url":"https:\/\/efitirana.com\/en\/","name":"EFI Tirana","description":"EFI Tirana","potentialAction":[{"@type":"SearchAction","target":{"@type":"EntryPoint","urlTemplate":"https:\/\/efitirana.com\/en\/?s={search_term_string}"},"query-input":{"@type":"PropertyValueSpecification","valueRequired":true,"valueName":"search_term_string"}}],"inLanguage":"en-US"}]}},"_links":{"self":[{"href":"https:\/\/efitirana.com\/en\/wp-json\/wp\/v2\/ecole\/8975","targetHints":{"allow":["GET"]}}],"collection":[{"href":"https:\/\/efitirana.com\/en\/wp-json\/wp\/v2\/ecole"}],"about":[{"href":"https:\/\/efitirana.com\/en\/wp-json\/wp\/v2\/types\/ecole"}],"wp:attachment":[{"href":"https:\/\/efitirana.com\/en\/wp-json\/wp\/v2\/media?parent=8975"}],"wp:term":[{"taxonomy":"localisation","embeddable":true,"href":"https:\/\/efitirana.com\/en\/wp-json\/wp\/v2\/localisation?post=8975"},{"taxonomy":"niveau","embeddable":true,"href":"https:\/\/efitirana.com\/en\/wp-json\/wp\/v2\/niveau?post=8975"}],"curies":[{"name":"wp","href":"https:\/\/api.w.org\/{rel}","templated":true}]}}

École française internationale, Skopje

<p><!-- Bloc small header --></p>
<p>				<!-- avec ou sans CTA : même code, ça centre verticalement le texte --></p>
<div class="smallheader" id="bloc_small_header2">
<p>							#bloc_small_header2 {background-image: url(https://efitirana.com/wp-content/uploads/2021/12/SKOPJE@2x-1-610&#215;270.png);}<br />
							@media (min-width: 480px) {	#bloc_small_header2 {background-image: url(https://efitirana.com/wp-content/uploads/2021/12/SKOPJE@2x-1-610&#215;270.png);}}<br />
							@media (min-width: 768px) {	#bloc_small_header2 {background-image: url(https://efitirana.com/wp-content/uploads/2021/12/SKOPJE@2x-1-1024&#215;214.png);}}<br />
							@media (min-width: 992px) { #bloc_small_header2 {background-image: url(https://efitirana.com/wp-content/uploads/2021/12/SKOPJE@2x-1-1024&#215;214.png);}}<br />
							@media (min-width: 1200px) { #bloc_small_header2 {background-image: url(https://efitirana.com/wp-content/uploads/2021/12/SKOPJE@2x-1-1536&#215;322.png);}}</p>
<div class="container d-flex flex-column justify-content-center align-items-start">
<h2><span>École Française internationale de Skopje</span></h2>
</p></div>
</p></div>
<p><!-- Bloc 6 - Texte --></p>
<div class="bloctext bloctext--color4 bloctext--haspattern" id="bloc_6_3">
<div class="container">
<div class="row">
<div class="col-12 col-lg-4 col-xl-3 mb-1">
<h2><span>The EFIS Adventure</span></h2>
</p></div>
<div class="col-12 col-lg-8 col-xl-9">
<div class="text pl-lg-4">
<p class="p1">For over 20 years, the École Française Internationale de Skopje has been constantly developing, with the same guiding objective: French excellence for all of its pupils.</p>
<p class="p1">Classes are approved up to the 5th year of primary school – Cycle 3 (CM2), and will soon be approved for the secondary school. Small class sizes allow our teachers to best respond to the difficulties of pupils, and to differentiate their learning so that it brings out the best possible results, adapted to their own abilities.</p>
<p class="p1">As a partner of the AEFE (Agency for French Education Abroad), we provide education in line with the French national curriculum. Our teaching is also recognized by the local government, which rates our teaching as excellent.</p>
<p class="p1">With teaching in French, English and the local language, our pupils are ready to become citizens of tomorrow’s world.</p>
</p></div>
</p></div>
</p></div>
</p></div>
</div>
<p><!-- Bloc 14 - Vignettes --></p>
<div class="blocsphotos blocsphotos--nocolor" id="bloc_14_4">
<div class="container">
<div class="row">
<div class="col-6 col-md-3 mb-1 mb-md-0">
<div class="blocphoto">
					<img decoding="async" class="img-fluid img-rounded" src="https://efitirana.com/wp-content/uploads/2021/12/IMG_4345-270x310.jpg" width="" height="" alt="">
				</div>
</p></div>
<div class="col-6 col-md-3 mb-1 mb-md-0">
<div class="blocphoto">
					<img decoding="async" class="img-fluid img-rounded" src="https://efitirana.com/wp-content/uploads/2021/12/Capture-décran-2021-12-22-à-16.26.09-270x310.png" width="" height="" alt="">
				</div>
</p></div>
<div class="col-6 col-md-3 mb-1 mb-md-0">
<div class="blocphoto">
					<img decoding="async" class="img-fluid img-rounded" src="https://efitirana.com/wp-content/uploads/2021/12/Capture-décran-2021-12-22-à-16.25.23-270x310.png" width="" height="" alt="">
				</div>
</p></div>
<div class="col-6 col-md-3 mb-1 mb-md-0">
<div class="blocphoto">
					<img decoding="async" class="img-fluid img-rounded" src="https://efitirana.com/wp-content/uploads/2021/12/Capture-décran-2021-12-22-à-16.27.27-270x310.png" width="" height="" alt="">
				</div>
</p></div>
</p></div>
</p></div>
</div>
<p><!-- Bloc CTAs --></p>
<div class="bloc_ctas bloc_cta container pt-2 pb-2 text-center" id="bloc_ctas_5">
<div class="btns">	<a href="https://efis.mk/" title="Discover the EFIS" target="_blank" class=" ml-1   mr-1  btn btn--color2" rel="noopener">Discover the EFIS</a> </div>
</p></div>
<p><!-- Bloc 10 - Bandeau --></p>
<div class="blocinfo blocinfo--color4" id="bloc_10_6">
<div class="container">
<div class="row">
<div class="col-12 col-md-6">
<h2><span>Do you need any further information?</span></h2>
<p>We’re always available to help you find the best school for your child.</p>
<p>				<!-- Changer la classe de couleur du bouton en fonction de la couleur générale du bloc --></p>
<div class="bloc_cta">
				</div>
</p></div>
</p></div>
</p></div>
</div>

<!-- This site is optimized with the Yoast SEO plugin v26.6 - https://yoast.com/wordpress/plugins/seo/ -->
<title>École française internationale, Skopje</title>
<meta name="description" content="École française internationale, Skopje" />
<meta name="robots" content="index, follow, max-snippet:-1, max-image-preview:large, max-video-preview:-1" />
<link rel="canonical" href="https://efitirana.com/en/ecole/ecole-francaise-internationale-skopje/" />
<meta property="og:locale" content="en_US" />
<meta property="og:type" content="article" />
<meta property="og:title" content="École française internationale, Skopje" />
<meta property="og:description" content="École française internationale, Skopje" />
<meta property="og:url" content="https://efitirana.com/en/ecole/ecole-francaise-internationale-skopje/" />
<meta property="og:site_name" content="EFI Tirana" />
<meta property="article:modified_time" content="2022-11-13T07:19:22+00:00" />
<meta property="og:image" content="https://efitirana.com/wp-content/uploads/2021/12/IMG_4345-270x310.jpg" />
<meta name="twitter:card" content="summary_large_image" />
<meta name="twitter:label1" content="Est. reading time" />
	<meta name="twitter:data1" content="1 minute" />
<script type="application/ld+json" class="yoast-schema-graph">{"@context":"https://schema.org","@graph":[{"@type":"WebPage","@id":"https://efitirana.com/en/ecole/ecole-francaise-internationale-skopje/","url":"https://efitirana.com/en/ecole/ecole-francaise-internationale-skopje/","name":"École française internationale, Skopje","isPartOf":{"@id":"https://efitirana.com/en/#website"},"primaryImageOfPage":{"@id":"https://efitirana.com/en/ecole/ecole-francaise-internationale-skopje/#primaryimage"},"image":{"@id":"https://efitirana.com/en/ecole/ecole-francaise-internationale-skopje/#primaryimage"},"thumbnailUrl":"https://efitirana.com/wp-content/uploads/2021/12/IMG_4345-270x310.jpg","datePublished":"2022-06-24T17:10:44+00:00","dateModified":"2022-11-13T07:19:22+00:00","description":"École française internationale, Skopje","breadcrumb":{"@id":"https://efitirana.com/en/ecole/ecole-francaise-internationale-skopje/#breadcrumb"},"inLanguage":"en-US","potentialAction":[{"@type":"ReadAction","target":["https://efitirana.com/en/ecole/ecole-francaise-internationale-skopje/"]}]},{"@type":"ImageObject","inLanguage":"en-US","@id":"https://efitirana.com/en/ecole/ecole-francaise-internationale-skopje/#primaryimage","url":"https://efitirana.com/wp-content/uploads/2021/12/IMG_4345-270x310.jpg","contentUrl":"https://efitirana.com/wp-content/uploads/2021/12/IMG_4345-270x310.jpg"},{"@type":"BreadcrumbList","@id":"https://efitirana.com/en/ecole/ecole-francaise-internationale-skopje/#breadcrumb","itemListElement":[{"@type":"ListItem","position":1,"name":"Accueil","item":"https://efitirana.com/en/"},{"@type":"ListItem","position":2,"name":"École française internationale, Skopje"}]},{"@type":"WebSite","@id":"https://efitirana.com/en/#website","url":"https://efitirana.com/en/","name":"EFI Tirana","description":"EFI Tirana","potentialAction":[{"@type":"SearchAction","target":{"@type":"EntryPoint","urlTemplate":"https://efitirana.com/en/?s={search_term_string}"},"query-input":{"@type":"PropertyValueSpecification","valueRequired":true,"valueName":"search_term_string"}}],"inLanguage":"en-US"}]}</script>
<!-- / Yoast SEO plugin. -->
