{"id":9784,"date":"2022-06-29T11:26:57","date_gmt":"2022-06-29T09:26:57","guid":{"rendered":"https:\/\/efitira.agencebisart.com\/ecole\/shkolla-franceze-nderkombetare-shkup\/"},"modified":"2022-11-15T21:54:15","modified_gmt":"2022-11-15T20:54:15","slug":"shkolla-franceze-nderkombetare-shkup","status":"publish","type":"ecole","link":"https:\/\/efitirana.com\/sq\/ecole\/shkolla-franceze-nderkombetare-shkup\/","title":{"rendered":"Shkolla franceze nd\u00ebrkomb\u00ebtare, Shkup"},"content":{"rendered":"<p><!-- Bloc small header --><\/p>\n<p>\t\t\t\t<!-- avec ou sans CTA : m\u00eame code, \u00e7a centre verticalement le texte --><\/p>\n<div class=\"smallheader\" id=\"bloc_small_header2\">\n<p>\t\t\t\t\t\t\t#bloc_small_header2 {background-image: url(https:\/\/efitirana.com\/wp-content\/uploads\/2021\/12\/SKOPJE@2x-1-610&#215;270.png);}<br \/>\n\t\t\t\t\t\t\t@media (min-width: 480px) {\t#bloc_small_header2 {background-image: url(https:\/\/efitirana.com\/wp-content\/uploads\/2021\/12\/SKOPJE@2x-1-610&#215;270.png);}}<br \/>\n\t\t\t\t\t\t\t@media (min-width: 768px) {\t#bloc_small_header2 {background-image: url(https:\/\/efitirana.com\/wp-content\/uploads\/2021\/12\/SKOPJE@2x-1-1024&#215;214.png);}}<br \/>\n\t\t\t\t\t\t\t@media (min-width: 992px) { #bloc_small_header2 {background-image: url(https:\/\/efitirana.com\/wp-content\/uploads\/2021\/12\/SKOPJE@2x-1-1024&#215;214.png);}}<br \/>\n\t\t\t\t\t\t\t@media (min-width: 1200px) { #bloc_small_header2 {background-image: url(https:\/\/efitirana.com\/wp-content\/uploads\/2021\/12\/SKOPJE@2x-1-1536&#215;322.png);}}<\/p>\n<div class=\"container d-flex flex-column justify-content-center align-items-start\">\n<h2><span>Shkolla Franceze nd\u00ebrkomb\u00ebtare e Shkupit<\/span><\/h2>\n<\/p><\/div>\n<\/p><\/div>\n<p><!-- Bloc 6 - Texte --><\/p>\n<div class=\"bloctext bloctext--color4 bloctext--haspattern\" id=\"bloc_6_3\">\n<div class=\"container\">\n<div class=\"row\">\n<div class=\"col-12 col-lg-4 col-xl-3 mb-1\">\n<h2><span>Aventura n\u00eb EFIS<\/span><\/h2>\n<\/p><\/div>\n<div class=\"col-12 col-lg-8 col-xl-9\">\n<div class=\"text pl-lg-4\">\n<p class=\"p1\"><span class=\"s1\">Q\u00eb prej m\u00eb se 20 vitesh, Shkolla Franceze nd\u00ebrkomb\u00ebtare e Shkupit po zhvillohet pa reshtur, gjithmon\u00eb me t\u00eb nj\u00ebjtin objektiv: ekselenc\u00ebn e nx\u00ebn\u00ebsve t\u00eb saj sipas modelit francez.<\/span><\/p>\n<p class=\"p1\">Klasat jan\u00eb akredituar deri n\u00eb CM2 dhe s\u00eb shpejti do t\u00eb akreditohen p\u00ebr 9-vje\u00e7aren. Numri i vog\u00ebl i nx\u00ebn\u00ebsve n\u00eb klasa u lejon m\u00ebsuesve t\u2019u p\u00ebrgjigjen m\u00eb mir\u00eb v\u00ebshtir\u00ebsive t\u00eb nx\u00ebn\u00ebsve tan\u00eb, t\u00eb diferencojn\u00eb m\u00ebsimet me q\u00ebllim q\u00eb ata t\u00eb jen\u00eb sa m\u00eb t\u00eb suksessh\u00ebm dhe t\u2019u p\u00ebrshtaten aft\u00ebsive t\u00eb tyre.<\/p>\n<p class=\"p1\"><span class=\"s1\">Partner t\u00eb AEFE, ne ofrojm\u00eb nj\u00eb m\u00ebsimdh\u00ebnie n\u00eb p\u00ebrputhje me programet franceze. M\u00ebsimdh\u00ebnia jon\u00eb \u00ebsht\u00eb njohur edhe nga qeveria vendase, e cila e konsideron m\u00ebsimdh\u00ebnien ton\u00eb si t\u00eb shk\u00eblqyer.<\/span><\/p>\n<p class=\"p1\">Me m\u00ebsime n\u00eb gjuh\u00ebn fr\u00ebnge, angleze dhe vendase, nx\u00ebn\u00ebsit tan\u00eb jan\u00eb gati p\u00ebr t\u2019u b\u00ebr\u00eb qytetar\u00eb t\u00eb ardhsh\u00ebm t\u00eb bot\u00ebs.<\/p>\n<\/p><\/div>\n<\/p><\/div>\n<\/p><\/div>\n<\/p><\/div>\n<\/div>\n<p><!-- Bloc CTAs --><\/p>\n<div class=\"bloc_ctas bloc_cta container pt-2 pb-2 text-center\" id=\"bloc_ctas_4\">\n<div class=\"btns\">\t<a href=\"https:\/\/efis.mk\/\" title=\"Zbuloni EFIS\" target=\"_blank\" class=\" ml-1   mr-1  btn btn--color2\" rel=\"noopener\">Zbuloni EFIS<\/a> <\/div>\n<\/p><\/div>\n<p><!-- Bloc 10 - Bandeau --><\/p>\n<div class=\"blocinfo blocinfo--color4\" id=\"bloc_10_5\">\n<div class=\"container\">\n<div class=\"row\">\n<div class=\"col-12 col-md-6\">\n<h2><span>Keni nevoj\u00eb p\u00ebr m\u00eb shum\u00eb informacion?<\/span><\/h2>\n<p>Jemi t\u00eb gatsh\u00ebm p\u00ebr t\u2019ju ndihmuar t\u00eb gjeni shkoll\u00ebn m\u00eb mir\u00eb p\u00ebr f\u00ebmij\u00ebn tuaj.<\/p>\n<p>\t\t\t\t<!-- Changer la classe de couleur du bouton en fonction de la couleur g\u00e9n\u00e9rale du bloc --><\/p>\n<div class=\"bloc_cta\">\n\t\t\t\t<\/div>\n<\/p><\/div>\n<\/p><\/div>\n<\/p><\/div>\n<\/div>\n","protected":false},"featured_media":0,"template":"","localisation":[223],"niveau":[32],"class_list":["post-9784","ecole","type-ecole","status-publish","hentry","localisation-maqedoni","niveau-le-college"],"acf":[],"yoast_head":"<!-- This site is optimized with the Yoast SEO plugin v26.6 - https:\/\/yoast.com\/wordpress\/plugins\/seo\/ -->\n<title>Shkolla franceze nd\u00ebrkomb\u00ebtare, Shkup | Odyssey<\/title>\n<meta name=\"description\" content=\"Shkolla franceze nd\u00ebrkomb\u00ebtare, Shkup | Odyssey\" \/>\n<meta name=\"robots\" content=\"index, follow, max-snippet:-1, max-image-preview:large, max-video-preview:-1\" \/>\n<link rel=\"canonical\" href=\"https:\/\/efitirana.com\/sq\/ecole\/shkolla-franceze-nderkombetare-shkup\/\" \/>\n<meta property=\"og:locale\" content=\"sq_AL\" \/>\n<meta property=\"og:type\" content=\"article\" \/>\n<meta property=\"og:title\" content=\"Shkolla franceze nd\u00ebrkomb\u00ebtare, Shkup | Odyssey\" \/>\n<meta property=\"og:description\" content=\"Shkolla franceze nd\u00ebrkomb\u00ebtare, Shkup | Odyssey\" \/>\n<meta property=\"og:url\" content=\"https:\/\/efitirana.com\/sq\/ecole\/shkolla-franceze-nderkombetare-shkup\/\" \/>\n<meta property=\"og:site_name\" content=\"EFI Tirana\" \/>\n<meta property=\"article:modified_time\" content=\"2022-11-15T20:54:15+00:00\" \/>\n<meta name=\"twitter:card\" content=\"summary_large_image\" \/>\n<meta name=\"twitter:label1\" content=\"Est. reading time\" \/>\n\t<meta name=\"twitter:data1\" content=\"1 minute\" \/>\n<script type=\"application\/ld+json\" class=\"yoast-schema-graph\">{\"@context\":\"https:\/\/schema.org\",\"@graph\":[{\"@type\":\"WebPage\",\"@id\":\"https:\/\/efitirana.com\/sq\/ecole\/shkolla-franceze-nderkombetare-shkup\/\",\"url\":\"https:\/\/efitirana.com\/sq\/ecole\/shkolla-franceze-nderkombetare-shkup\/\",\"name\":\"Shkolla franceze nd\u00ebrkomb\u00ebtare, Shkup | Odyssey\",\"isPartOf\":{\"@id\":\"https:\/\/efitirana.com\/sq\/#website\"},\"datePublished\":\"2022-06-29T09:26:57+00:00\",\"dateModified\":\"2022-11-15T20:54:15+00:00\",\"description\":\"Shkolla franceze nd\u00ebrkomb\u00ebtare, Shkup | Odyssey\",\"breadcrumb\":{\"@id\":\"https:\/\/efitirana.com\/sq\/ecole\/shkolla-franceze-nderkombetare-shkup\/#breadcrumb\"},\"inLanguage\":\"sq-AL\",\"potentialAction\":[{\"@type\":\"ReadAction\",\"target\":[\"https:\/\/efitirana.com\/sq\/ecole\/shkolla-franceze-nderkombetare-shkup\/\"]}]},{\"@type\":\"BreadcrumbList\",\"@id\":\"https:\/\/efitirana.com\/sq\/ecole\/shkolla-franceze-nderkombetare-shkup\/#breadcrumb\",\"itemListElement\":[{\"@type\":\"ListItem\",\"position\":1,\"name\":\"Accueil\",\"item\":\"https:\/\/efitirana.com\/sq\/\"},{\"@type\":\"ListItem\",\"position\":2,\"name\":\"Shkolla franceze nd\u00ebrkomb\u00ebtare, Shkup\"}]},{\"@type\":\"WebSite\",\"@id\":\"https:\/\/efitirana.com\/sq\/#website\",\"url\":\"https:\/\/efitirana.com\/sq\/\",\"name\":\"EFI Tirana\",\"description\":\"EFI Tirana\",\"potentialAction\":[{\"@type\":\"SearchAction\",\"target\":{\"@type\":\"EntryPoint\",\"urlTemplate\":\"https:\/\/efitirana.com\/sq\/?s={search_term_string}\"},\"query-input\":{\"@type\":\"PropertyValueSpecification\",\"valueRequired\":true,\"valueName\":\"search_term_string\"}}],\"inLanguage\":\"sq-AL\"}]}<\/script>\n<!-- \/ Yoast SEO plugin. -->","yoast_head_json":{"title":"Shkolla franceze nd\u00ebrkomb\u00ebtare, Shkup | Odyssey","description":"Shkolla franceze nd\u00ebrkomb\u00ebtare, Shkup | Odyssey","robots":{"index":"index","follow":"follow","max-snippet":"max-snippet:-1","max-image-preview":"max-image-preview:large","max-video-preview":"max-video-preview:-1"},"canonical":"https:\/\/efitirana.com\/sq\/ecole\/shkolla-franceze-nderkombetare-shkup\/","og_locale":"sq_AL","og_type":"article","og_title":"Shkolla franceze nd\u00ebrkomb\u00ebtare, Shkup | Odyssey","og_description":"Shkolla franceze nd\u00ebrkomb\u00ebtare, Shkup | Odyssey","og_url":"https:\/\/efitirana.com\/sq\/ecole\/shkolla-franceze-nderkombetare-shkup\/","og_site_name":"EFI Tirana","article_modified_time":"2022-11-15T20:54:15+00:00","twitter_card":"summary_large_image","twitter_misc":{"Est. reading time":"1 minute"},"schema":{"@context":"https:\/\/schema.org","@graph":[{"@type":"WebPage","@id":"https:\/\/efitirana.com\/sq\/ecole\/shkolla-franceze-nderkombetare-shkup\/","url":"https:\/\/efitirana.com\/sq\/ecole\/shkolla-franceze-nderkombetare-shkup\/","name":"Shkolla franceze nd\u00ebrkomb\u00ebtare, Shkup | Odyssey","isPartOf":{"@id":"https:\/\/efitirana.com\/sq\/#website"},"datePublished":"2022-06-29T09:26:57+00:00","dateModified":"2022-11-15T20:54:15+00:00","description":"Shkolla franceze nd\u00ebrkomb\u00ebtare, Shkup | Odyssey","breadcrumb":{"@id":"https:\/\/efitirana.com\/sq\/ecole\/shkolla-franceze-nderkombetare-shkup\/#breadcrumb"},"inLanguage":"sq-AL","potentialAction":[{"@type":"ReadAction","target":["https:\/\/efitirana.com\/sq\/ecole\/shkolla-franceze-nderkombetare-shkup\/"]}]},{"@type":"BreadcrumbList","@id":"https:\/\/efitirana.com\/sq\/ecole\/shkolla-franceze-nderkombetare-shkup\/#breadcrumb","itemListElement":[{"@type":"ListItem","position":1,"name":"Accueil","item":"https:\/\/efitirana.com\/sq\/"},{"@type":"ListItem","position":2,"name":"Shkolla franceze nd\u00ebrkomb\u00ebtare, Shkup"}]},{"@type":"WebSite","@id":"https:\/\/efitirana.com\/sq\/#website","url":"https:\/\/efitirana.com\/sq\/","name":"EFI Tirana","description":"EFI Tirana","potentialAction":[{"@type":"SearchAction","target":{"@type":"EntryPoint","urlTemplate":"https:\/\/efitirana.com\/sq\/?s={search_term_string}"},"query-input":{"@type":"PropertyValueSpecification","valueRequired":true,"valueName":"search_term_string"}}],"inLanguage":"sq-AL"}]}},"_links":{"self":[{"href":"https:\/\/efitirana.com\/sq\/wp-json\/wp\/v2\/ecole\/9784","targetHints":{"allow":["GET"]}}],"collection":[{"href":"https:\/\/efitirana.com\/sq\/wp-json\/wp\/v2\/ecole"}],"about":[{"href":"https:\/\/efitirana.com\/sq\/wp-json\/wp\/v2\/types\/ecole"}],"wp:attachment":[{"href":"https:\/\/efitirana.com\/sq\/wp-json\/wp\/v2\/media?parent=9784"}],"wp:term":[{"taxonomy":"localisation","embeddable":true,"href":"https:\/\/efitirana.com\/sq\/wp-json\/wp\/v2\/localisation?post=9784"},{"taxonomy":"niveau","embeddable":true,"href":"https:\/\/efitirana.com\/sq\/wp-json\/wp\/v2\/niveau?post=9784"}],"curies":[{"name":"wp","href":"https:\/\/api.w.org\/{rel}","templated":true}]}}

Shkolla franceze ndërkombëtare, Shkup

<p><!-- Bloc small header --></p>
<p>				<!-- avec ou sans CTA : même code, ça centre verticalement le texte --></p>
<div class="smallheader" id="bloc_small_header2">
<p>							#bloc_small_header2 {background-image: url(https://efitirana.com/wp-content/uploads/2021/12/SKOPJE@2x-1-610&#215;270.png);}<br />
							@media (min-width: 480px) {	#bloc_small_header2 {background-image: url(https://efitirana.com/wp-content/uploads/2021/12/SKOPJE@2x-1-610&#215;270.png);}}<br />
							@media (min-width: 768px) {	#bloc_small_header2 {background-image: url(https://efitirana.com/wp-content/uploads/2021/12/SKOPJE@2x-1-1024&#215;214.png);}}<br />
							@media (min-width: 992px) { #bloc_small_header2 {background-image: url(https://efitirana.com/wp-content/uploads/2021/12/SKOPJE@2x-1-1024&#215;214.png);}}<br />
							@media (min-width: 1200px) { #bloc_small_header2 {background-image: url(https://efitirana.com/wp-content/uploads/2021/12/SKOPJE@2x-1-1536&#215;322.png);}}</p>
<div class="container d-flex flex-column justify-content-center align-items-start">
<h2><span>Shkolla Franceze ndërkombëtare e Shkupit</span></h2>
</p></div>
</p></div>
<p><!-- Bloc 6 - Texte --></p>
<div class="bloctext bloctext--color4 bloctext--haspattern" id="bloc_6_3">
<div class="container">
<div class="row">
<div class="col-12 col-lg-4 col-xl-3 mb-1">
<h2><span>Aventura në EFIS</span></h2>
</p></div>
<div class="col-12 col-lg-8 col-xl-9">
<div class="text pl-lg-4">
<p class="p1"><span class="s1">Që prej më se 20 vitesh, Shkolla Franceze ndërkombëtare e Shkupit po zhvillohet pa reshtur, gjithmonë me të njëjtin objektiv: ekselencën e nxënësve të saj sipas modelit francez.</span></p>
<p class="p1">Klasat janë akredituar deri në CM2 dhe së shpejti do të akreditohen për 9-vjeçaren. Numri i vogël i nxënësve në klasa u lejon mësuesve t’u përgjigjen më mirë vështirësive të nxënësve tanë, të diferencojnë mësimet me qëllim që ata të jenë sa më të suksesshëm dhe t’u përshtaten aftësive të tyre.</p>
<p class="p1"><span class="s1">Partner të AEFE, ne ofrojmë një mësimdhënie në përputhje me programet franceze. Mësimdhënia jonë është njohur edhe nga qeveria vendase, e cila e konsideron mësimdhënien tonë si të shkëlqyer.</span></p>
<p class="p1">Me mësime në gjuhën frënge, angleze dhe vendase, nxënësit tanë janë gati për t’u bërë qytetarë të ardhshëm të botës.</p>
</p></div>
</p></div>
</p></div>
</p></div>
</div>
<p><!-- Bloc CTAs --></p>
<div class="bloc_ctas bloc_cta container pt-2 pb-2 text-center" id="bloc_ctas_4">
<div class="btns">	<a href="https://efis.mk/" title="Zbuloni EFIS" target="_blank" class=" ml-1   mr-1  btn btn--color2" rel="noopener">Zbuloni EFIS</a> </div>
</p></div>
<p><!-- Bloc 10 - Bandeau --></p>
<div class="blocinfo blocinfo--color4" id="bloc_10_5">
<div class="container">
<div class="row">
<div class="col-12 col-md-6">
<h2><span>Keni nevojë për më shumë informacion?</span></h2>
<p>Jemi të gatshëm për t’ju ndihmuar të gjeni shkollën më mirë për fëmijën tuaj.</p>
<p>				<!-- Changer la classe de couleur du bouton en fonction de la couleur générale du bloc --></p>
<div class="bloc_cta">
				</div>
</p></div>
</p></div>
</p></div>
</div>

<!-- This site is optimized with the Yoast SEO plugin v26.6 - https://yoast.com/wordpress/plugins/seo/ -->
<title>Shkolla franceze ndërkombëtare, Shkup | Odyssey</title>
<meta name="description" content="Shkolla franceze ndërkombëtare, Shkup | Odyssey" />
<meta name="robots" content="index, follow, max-snippet:-1, max-image-preview:large, max-video-preview:-1" />
<link rel="canonical" href="https://efitirana.com/sq/ecole/shkolla-franceze-nderkombetare-shkup/" />
<meta property="og:locale" content="sq_AL" />
<meta property="og:type" content="article" />
<meta property="og:title" content="Shkolla franceze ndërkombëtare, Shkup | Odyssey" />
<meta property="og:description" content="Shkolla franceze ndërkombëtare, Shkup | Odyssey" />
<meta property="og:url" content="https://efitirana.com/sq/ecole/shkolla-franceze-nderkombetare-shkup/" />
<meta property="og:site_name" content="EFI Tirana" />
<meta property="article:modified_time" content="2022-11-15T20:54:15+00:00" />
<meta name="twitter:card" content="summary_large_image" />
<meta name="twitter:label1" content="Est. reading time" />
	<meta name="twitter:data1" content="1 minute" />
<script type="application/ld+json" class="yoast-schema-graph">{"@context":"https://schema.org","@graph":[{"@type":"WebPage","@id":"https://efitirana.com/sq/ecole/shkolla-franceze-nderkombetare-shkup/","url":"https://efitirana.com/sq/ecole/shkolla-franceze-nderkombetare-shkup/","name":"Shkolla franceze ndërkombëtare, Shkup | Odyssey","isPartOf":{"@id":"https://efitirana.com/sq/#website"},"datePublished":"2022-06-29T09:26:57+00:00","dateModified":"2022-11-15T20:54:15+00:00","description":"Shkolla franceze ndërkombëtare, Shkup | Odyssey","breadcrumb":{"@id":"https://efitirana.com/sq/ecole/shkolla-franceze-nderkombetare-shkup/#breadcrumb"},"inLanguage":"sq-AL","potentialAction":[{"@type":"ReadAction","target":["https://efitirana.com/sq/ecole/shkolla-franceze-nderkombetare-shkup/"]}]},{"@type":"BreadcrumbList","@id":"https://efitirana.com/sq/ecole/shkolla-franceze-nderkombetare-shkup/#breadcrumb","itemListElement":[{"@type":"ListItem","position":1,"name":"Accueil","item":"https://efitirana.com/sq/"},{"@type":"ListItem","position":2,"name":"Shkolla franceze ndërkombëtare, Shkup"}]},{"@type":"WebSite","@id":"https://efitirana.com/sq/#website","url":"https://efitirana.com/sq/","name":"EFI Tirana","description":"EFI Tirana","potentialAction":[{"@type":"SearchAction","target":{"@type":"EntryPoint","urlTemplate":"https://efitirana.com/sq/?s={search_term_string}"},"query-input":{"@type":"PropertyValueSpecification","valueRequired":true,"valueName":"search_term_string"}}],"inLanguage":"sq-AL"}]}</script>
<!-- / Yoast SEO plugin. -->

Shkolla franceze ndërkombëtare, Shkup | Odyssey
